
Suppose -21*s - 5*x = -19*s - 74, -2*x = 4. What is the greatest common factor of 609 and s?
21
Suppose 8*q + 3869 = 4509. Calculate the greatest common factor of 45 and q.
5
Let s be -1*(-186)/24*4. Calculate the highest common factor of s and 496.
31
Let k(t) = 9*t**2 - 2*t + 1. Let d = -12 - -10. Let i = -1 - d. Let r be k(i). Calculate the highest common factor of r and 8.
8
Let o(t) = -t**2 + 14*t - 21*t + 15*t + t + 6. Let l be o(8). Let b be (308/6)/(12/36). What is the highest common factor of b and l?
14
Suppose m = -58*m + 79296. Calculate the highest common factor of m and 42.
42
Let u(b) = b**2 + b + 1. Let o(l) = l**3 + 12*l**2 + 2*l + 11. Let n(i) = o(i) - 2*u(i). Let t be n(-10). Calculate the highest common divisor of t and 36.
9
Suppose -5*h + 2*z + 1991 = 0, 4*h + z = 2*h + 800. Calculate the highest common divisor of h and 21.
21
Suppose 0 = -4*h - 2689 + 993. Let a = 666 + h. What is the highest common divisor of a and 22?
22
Suppose 2*r = 5 - 1. Suppose -r*l + 39 = 6*m - m, -3*l = 9. Let p(b) = -b + 3. Let x be p(0). What is the highest common divisor of x and m?
3
Let r be (-2)/6*(-110 - 4). What is the highest common divisor of r and 38?
38
Suppose 6*m = 8*m - 22. Suppose -2*s = 3*n - 3, 0*s - 2*s - 4 = -4*n. What is the greatest common divisor of n and m?
1
Let a = -58 - -72. Let n = 40 - 12. What is the highest common factor of n and a?
14
Let i be 72/(-42)*(-7)/2. Let v be i/(-27) - (-4)/18. Suppose v = 4*z - 9*z + 80. What is the highest common factor of z and 2?
2
Let s(c) = -c**3 + c**2 + 31. Let w be s(0). Let t = -19 + w. Suppose -4*p - 4 = 5*g, 2*p + 5*g = 2*g - 4. What is the highest common divisor of t and p?
4
Suppose h = -4*w - 81, -h - 5 = -0. Let o be -3 - (-4 + 2 + w). What is the greatest common divisor of 126 and o?
18
Let j(z) = -z**2 - 12*z - 17. Let g be j(-7). What is the greatest common factor of g and 126?
18
Let w(i) be the third derivative of i**6/120 + i**5/10 + 5*i**4/24 + 2*i**3/3 + 5*i**2. Let a be w(-5). What is the greatest common divisor of a and 6?
2
Let t(i) = 6*i**2 - i + 19. Let f be t(-7). Calculate the greatest common divisor of f and 64.
64
Suppose 3*n - 2*v = 3*v - 99, 0 = -2*v. Let m be n/(-9)*(37 - -2). What is the highest common divisor of 13 and m?
13
Let p(h) = -h**3 - 2*h**2 - 3*h - 4. Let s be p(-3). Let z = s - 4. Suppose -z*k + 4*k + 192 = 0. What is the greatest common factor of 4 and k?
4
Let i(k) = k**3 + 10*k**2 + 14*k - 14. Let b be i(-8). Suppose r + 4 - 1 = -4*g, 1 = b*r + g. What is the greatest common divisor of r and 5?
1
Suppose -m + 5 - 1 = 0. Let y be (0 + 2)/(m/54). Let w = -49 + 52. Calculate the highest common factor of y and w.
3
Let a = 304 + -38. What is the highest common factor of 38 and a?
38
Let f(w) = -w**3 - 9*w**2 + 7*w - 79. Let z be f(-11). Calculate the highest common divisor of 731 and z.
43
Suppose -133 = 3*f + 5. Let n be 1/(1/(-65)) + -1. Let l = f - n. Calculate the highest common divisor of 80 and l.
20
Let i = -179 - -223. What is the greatest common factor of i and 154?
22
Let u = 18 - 2. Let v = 40 - 37. Suppose -2*r + v*r - 64 = 0. Calculate the highest common factor of u and r.
16
Let g be (-15)/(-15)*(-25)/(-1). Calculate the greatest common divisor of 14 and g.
1
Let w be (-6146)/(-49) + 3 + (-6)/14. Let c = -117 + w. What is the greatest common factor of c and 11?
11
Let b(c) be the second derivative of -c**3/3 - 9*c**2/2 + 4*c. Let x be 11/(1/1 + -2). Let j be b(x). Calculate the highest common factor of 39 and j.
13
Suppose -52*v - 10 = -53*v. Calculate the highest common factor of 90 and v.
10
Let z(x) = 6*x**3 - 3*x**2 + 6. Let u be z(2). What is the greatest common divisor of 98 and u?
14
Suppose 67*l - 13736 = 3148. Calculate the greatest common factor of l and 180.
36
Suppose 243 = -4*f + 5*p, 3*f + 3*p + 107 = -82. Let n = 4 - f. What is the greatest common divisor of n and 33?
33
Suppose 282 = -6*z + 9*z. Let h = z - 38. Suppose -3*b = b - 32. Calculate the greatest common divisor of b and h.
8
Suppose -2*j = -2*w + 368, 5*j + 209 = w + 45. Calculate the greatest common factor of w and 42.
21
Let y(z) = -7*z - 72. Let m be y(-12). What is the highest common factor of 78 and m?
6
Let a(z) = -z**2 - 19*z - 57. Let s be a(-15). What is the highest common factor of s and 141?
3
Suppose -p = 2*p. Suppose p = 4*s - 2*s - 4*i - 190, -3*s - 5*i + 307 = 0. Calculate the greatest common divisor of s and 11.
11
Suppose q + 120 = 11*q. What is the highest common divisor of 576 and q?
12
Let r be -1*575*(60/25)/(-4). Calculate the highest common factor of r and 552.
69
Let k = 9 - 7. Suppose -o + 3 = -k. Suppose 3*a = 5*n - 95, -2*n = -o*a - 22 - 35. What is the greatest common divisor of n and 40?
8
Let i = -12 + 32. What is the greatest common divisor of i and 8?
4
Let m = -220 - -140. Let g = -73 - m. Calculate the greatest common factor of g and 49.
7
Suppose 2*r - 8*x - 398 = -10*x, -989 = -5*r - 3*x. What is the highest common factor of r and 8?
4
Let u be ((-15)/2)/((-252)/2352). What is the greatest common divisor of u and 154?
14
Let u(n) = n**3 + 2*n**2 - 4*n - 4. Let t be u(-3). Let d be (-2 - t) + (84*-1)/(-4). What is the greatest common factor of 140 and d?
20
Let g = -94 - -179. Calculate the greatest common divisor of g and 34.
17
Let v be (85/(-3))/(35/12 + -3). What is the highest common factor of v and 68?
68
Suppose 4 + 2 = 2*x. Suppose -x*a = 2*a - 560. Suppose f - a = 4*n, -4*n + 148 = f + n. What is the greatest common divisor of f and 16?
16
Let q = -21 + 3. Let n be (q/(-27))/(4/(-6)). Let z(v) = 7*v**2 - v - 1. Let x be z(n). What is the highest common factor of x and 49?
7
Let i = -224 + 229. Suppose -z + 39 = i*w + 13, 2*z = w - 3. Suppose 6*m - 5 = m. What is the highest common divisor of z and m?
1
Suppose -8*r + 12*r = 96. Let s(u) = -u - 7. Let k be s(7). Let m = -8 - k. Calculate the greatest common factor of r and m.
6
Let y(t) = 4*t**2 - 4*t. Let q be y(-3). Let f(x) = 4*x**2 - 2*x. Let h be f(-2). Let r = h + q. Calculate the highest common factor of r and 17.
17
Suppose -24*i + 123 + 477 = 0. Calculate the highest common factor of i and 90.
5
Let f(z) = -2*z - 7. Let c be f(-6). Let o = c - -7. Let p = -260 - -296. Calculate the greatest common factor of p and o.
12
Let a be 2/((-8)/6 + 2). Let y(k) = 6*k**2 - 4. Let h be y(a). Calculate the highest common divisor of h and 20.
10
Suppose 2*a + 62 = 4*k, -3*a - a - 16 = -2*k. Let b = 256 - 211. What is the greatest common factor of k and b?
9
Let l(x) = 5*x**2 + 2*x + 1. Let p be l(2). Let c be (2 - 0)/(4/(-6)) + -197. Let q be (c/(-15))/(6/45). Calculate the highest common factor of p and q.
25
Let p(o) = -2*o**2 - 45*o - 20. Let v be p(-22). Suppose -b + 7*z + 171 = v*z, -342 = -2*b + 2*z. Calculate the highest common divisor of 9 and b.
9
Let m(v) = -7*v - 8. Let d(c) = -7*c - 9. Let z(o) = 3*d(o) - 4*m(o). Let l be z(4). What is the greatest common factor of l and 132?
33
Suppose 0 = 3*x - 0 - 6. Suppose 5*m - 5*w = 370, -x*m + 92 = 2*w - 60. Calculate the highest common factor of m and 50.
25
Let j(d) = -d**3 + 9*d**2 - 18*d + 8. Let s be j(5). Let z be -3*(-8 + 3/(9/(-3))). What is the highest common divisor of z and s?
9
Suppose -14*p + 865 = 81. Let q be 2/8 + (-559)/(-4). Calculate the highest common factor of q and p.
28
Let g = -23 - -25. Suppose 2*u - 10 = -g*d, -4*d = 2*u - u - 23. Let z be ((-3)/4)/((-1)/12). What is the greatest common divisor of d and z?
3
Let x = -4454 - -4461. Let g(k) = -20*k**3 + k**2 - k - 1. Let i be g(-1). Calculate the greatest common divisor of x and i.
7
Let w(o) = -2591*o**2 - o**3 + 1 + 2615*o**2 - 41*o - 3*o. Let d be w(22). Calculate the highest common factor of 27 and d.
1
Suppose -278 - 442 = -2*d + 4*g, 4*g = d - 352. Calculate the greatest common factor of d and 23.
23
Suppose -40 = -10*k - 0. Suppose -4*i = -o - 21 - 42, -k*o = -i + 27. Let j(f) = f**2 - 3*f - 1. Let c be j(4). What is the highest common factor of c and i?
3
Let y = 989 + -896. What is the greatest common factor of y and 9?
3
Let z(c) = 3*c + 15. Let g be z(5). Let v be 102/g + (-4)/10. Suppose -f - f + 18 = 2*d, 0 = 3*d - v*f - 45. Calculate the greatest common divisor of d and 12.
12
Suppose 0*a - 64 = -4*i - 4*a, -a = -3*